{"id":72,"date":"2011-10-17T22:22:51","date_gmt":"2011-10-17T20:22:51","guid":{"rendered":"http:\/\/www.nicovanasdonck.nl\/2011\/?page_id=72"},"modified":"2025-09-11T07:30:23","modified_gmt":"2025-09-11T05:30:23","slug":"dhz-drumband","status":"publish","type":"page","link":"https:\/\/www.nicovanasdonck.nl\/index.php\/dhz-drumband\/","title":{"rendered":"DHZ Drumband"},"content":{"rendered":"<p style=\"text-align: center;\"><img loading=\"lazy\" decoding=\"async\" class=\"aligncenter wp-image-415\" title=\"Openingsact - 002\" src=\"http:\/\/www.nicovanasdonck.nl\/pindasaus\/wp-content\/uploads\/Openingsact-002-1024x633.jpg\" alt=\"\" width=\"922\" height=\"570\" srcset=\"https:\/\/www.nicovanasdonck.nl\/pindasaus\/wp-content\/uploads\/Openingsact-002-1024x633.jpg 1024w, https:\/\/www.nicovanasdonck.nl\/pindasaus\/wp-content\/uploads\/Openingsact-002-300x185.jpg 300w\" sizes=\"auto, (max-width: 767px) 89vw, (max-width: 1000px) 54vw, (max-width: 1071px) 543px, 580px\" \/><\/p>\n<p>&nbsp;<\/p>\n<p>&nbsp;<\/p>\n<h1><\/h1>\n<h1 style=\"text-align: center;\"><strong><span style=\"color: #000000;\">Doe-het-zelf drumband<\/span><\/strong><\/h1>\n<p>&nbsp;<\/p>\n<p>Verras een jarige, bruidspaar, een heel dorp met een optreden van de DHZ-drumband. Prima alternatief voor het brengen van een aubade aan een jarige, een opening van een festival, winkel of nieuw kantoorpand, binnenhalen van een avondvierdaagse\u00a0 of als bedrijfsuitje.<\/p>\n<p>Deze workshop is ontstaan, omdat ik door een plaatselijke theatervereniging werd gevraagd mee te werken aan de musical &#8220;Omhoog die stok&#8221; van Hetty Heitink. De spelers leerde ik echt trommelen\/marcheren en hadden hier zo veel plezier in, dat ik het opnam in mijn workshop-programma.<\/p>\n<p>Binnen 2 uur heb ik van een groep vrienden, familieleden, kennissen, collega\u2019s een hechte drumband gemaakt die gekleed in uniformen een rondgang kunnen maken door uw dorp of stad. Enkele ritmes van de <em>Debutantenmars <\/em>worden aangeleerd op marching-drums, een echte overslag\/ grote trom en 2 pauken. Een tamboer-maitre en majorettes maken de drumband compleet. Een vergunning of meldingsformulier zal worden aangevraagd bij de gemeente waar de workshop zal plaatsvinden.<\/p>\n<p><img loading=\"lazy\" decoding=\"async\" class=\"alignnone size-medium wp-image-416\" src=\"http:\/\/www.nicovanasdonck.nl\/pindasaus\/wp-content\/uploads\/Oefenen-drumband-019-300x224.jpg\" alt=\"OLYMPUS DIGITAL CAMERA\" width=\"300\" height=\"224\" srcset=\"https:\/\/www.nicovanasdonck.nl\/pindasaus\/wp-content\/uploads\/Oefenen-drumband-019-300x224.jpg 300w, https:\/\/www.nicovanasdonck.nl\/pindasaus\/wp-content\/uploads\/Oefenen-drumband-019-1024x768.jpg 1024w\" sizes=\"auto, (max-width: 300px) 100vw, 300px\" \/> <img loading=\"lazy\" decoding=\"async\" class=\"alignright size-medium wp-image-417\" src=\"http:\/\/www.nicovanasdonck.nl\/pindasaus\/wp-content\/uploads\/Oefenen-drumband-029-300x225.jpg\" alt=\"Oefenen drumband - 029\" width=\"300\" height=\"225\" srcset=\"https:\/\/www.nicovanasdonck.nl\/pindasaus\/wp-content\/uploads\/Oefenen-drumband-029-300x225.jpg 300w, https:\/\/www.nicovanasdonck.nl\/pindasaus\/wp-content\/uploads\/Oefenen-drumband-029-1024x768.jpg 1024w, https:\/\/www.nicovanasdonck.nl\/pindasaus\/wp-content\/uploads\/Oefenen-drumband-029.jpg 1280w\" sizes=\"auto, (max-width: 300px) 100vw, 300px\" \/><\/p>\n<p>&nbsp;<\/p>\n<h1 style=\"text-align: center;\"><strong><span style=\"color: #000000;\">Hoe gaan we dat doen ?<br \/>\n<\/span><\/strong><\/h1>\n<ol>\n<li>\u00a0\u00a0\u00a0 Stokkentechniek<\/li>\n<li>\u00a0\u00a0\u00a0 debutantenmars spelen<\/li>\n<li>\u00a0\u00a0\u00a0 leren marcheren (zonder trommels)<\/li>\n<li>\u00a0\u00a0\u00a0 uniformen passen en trommels omhangen<\/li>\n<li>\u00a0\u00a0\u00a0 marcheren in vol ornaat<\/li>\n<li>\u00a0\u00a0\u00a0 aandacht voor de tamboer-maitre en majorettes<\/li>\n<li>\u00a0\u00a0\u00a0 opstellen voor een rondgang door het dorp of stad<\/li>\n<\/ol>\n<p style=\"text-align: center;\">\u00a0\u00a0\u00a0\u00a0\u00a0 Maximaal aantal deelnemers : 30<\/p>\n<p>&nbsp;<\/p>\n<p style=\"text-align: center;\"><strong>Missie : muziek voor iedereen<\/strong><\/p>\n<p>Ik werk op non-profit basis. Mijn doel is om muziekworkshops te geven aan instellingen, verenigingen en scholen waar geen budget is voor een muzieksessie. Aan commerci\u00eble partijen vraag ik als tegenprestatie een bedrag over te maken naar \u00e9\u00e9n van mijn goede doelen, die vermeld staan op mijn home pagina.<\/p>\n<p>&nbsp;<\/p>\n<p>&nbsp;<\/p>\n<div class=\"fb-post\" data-href=\"https:\/\/www.facebook.com\/video.php?v=734469176612168\" data-width=\"466\">\n<div class=\"fb-xfbml-parse-ignore\" style=\"text-align: center;\"><\/div>\n<\/div>\n<p>&nbsp;<\/p>\n<h2><span style=\"color: #000000;\">\u00a0<\/span><\/h2>\n","protected":false},"excerpt":{"rendered":"<p>&nbsp; &nbsp; Doe-het-zelf drumband &nbsp; Verras een jarige, bruidspaar, een heel dorp met een optreden van de DHZ-drumband. Prima alternatief voor het brengen van een aubade aan een jarige, een opening van een festival, winkel of nieuw kantoorpand, binnenhalen van een avondvierdaagse\u00a0 of als bedrijfsuitje. Deze workshop is ontstaan, omdat ik door een plaatselijke theatervereniging &hellip; <\/p>\n<p class=\"link-more\"><a href=\"https:\/\/www.nicovanasdonck.nl\/index.php\/dhz-drumband\/\" class=\"more-link\">Lees verder <span class=\"screen-reader-text\">&#8220;DHZ Drumband&#8221;<\/span><\/a><\/p>\n","protected":false},"author":1,"featured_media":0,"parent":0,"menu_order":0,"comment_status":"closed","ping_status":"open","template":"","meta":{"footnotes":""},"class_list":["post-72","page","type-page","status-publish","hentry"],"yoast_head":"<!-- This site is optimized with the Yoast SEO plugin v27.4 - https:\/\/yoast.com\/product\/yoast-seo-wordpress\/ -->\n<title>Doe het zelf drumband, Formeer in 2 uur een drumband met vrienden, familie of collega&#039;s. Compleet met uniformen<\/title>\n<meta name=\"description\" content=\"Doe het zelf drumband. Formeer in 2 uur een echte drumband met je vrienden, familie of collega&#039;s. Succes verzekerd. Compleet met uniformen.\" \/>\n<meta name=\"robots\" content=\"index, follow, max-snippet:-1, max-image-preview:large, max-video-preview:-1\" \/>\n<link rel=\"canonical\" href=\"https:\/\/www.nicovanasdonck.nl\/index.php\/workshops__trashed\/dhz-drumband\/\" \/>\n<meta property=\"og:locale\" content=\"nl_NL\" \/>\n<meta property=\"og:type\" content=\"article\" \/>\n<meta property=\"og:title\" content=\"Doe het zelf drumband, Formeer in 2 uur een drumband met vrienden, familie of collega&#039;s. Compleet met uniformen\" \/>\n<meta property=\"og:description\" content=\"Doe het zelf drumband. Formeer in 2 uur een echte drumband met je vrienden, familie of collega&#039;s. Succes verzekerd. Compleet met uniformen.\" \/>\n<meta property=\"og:url\" content=\"https:\/\/www.nicovanasdonck.nl\/index.php\/workshops__trashed\/dhz-drumband\/\" \/>\n<meta property=\"og:site_name\" content=\"Nico van Asdonck\" \/>\n<meta property=\"article:modified_time\" content=\"2025-09-11T05:30:23+00:00\" \/>\n<meta property=\"og:image\" content=\"https:\/\/www.nicovanasdonck.nl\/pindasaus\/wp-content\/uploads\/Openingsact-002.jpg\" \/>\n\t<meta property=\"og:image:width\" content=\"3888\" \/>\n\t<meta property=\"og:image:height\" content=\"2404\" \/>\n\t<meta property=\"og:image:type\" content=\"image\/jpeg\" \/>\n<meta name=\"twitter:label1\" content=\"Geschatte leestijd\" \/>\n\t<meta name=\"twitter:data1\" content=\"2 minuten\" \/>\n<script type=\"application\/ld+json\" class=\"yoast-schema-graph\">{\"@context\":\"https:\\\/\\\/schema.org\",\"@graph\":[{\"@type\":\"WebPage\",\"@id\":\"https:\\\/\\\/www.nicovanasdonck.nl\\\/index.php\\\/workshops__trashed\\\/dhz-drumband\\\/\",\"url\":\"https:\\\/\\\/www.nicovanasdonck.nl\\\/index.php\\\/workshops__trashed\\\/dhz-drumband\\\/\",\"name\":\"Doe het zelf drumband, Formeer in 2 uur een drumband met vrienden, familie of collega's. Compleet met uniformen\",\"isPartOf\":{\"@id\":\"https:\\\/\\\/www.nicovanasdonck.nl\\\/#website\"},\"primaryImageOfPage\":{\"@id\":\"https:\\\/\\\/www.nicovanasdonck.nl\\\/index.php\\\/workshops__trashed\\\/dhz-drumband\\\/#primaryimage\"},\"image\":{\"@id\":\"https:\\\/\\\/www.nicovanasdonck.nl\\\/index.php\\\/workshops__trashed\\\/dhz-drumband\\\/#primaryimage\"},\"thumbnailUrl\":\"http:\\\/\\\/www.nicovanasdonck.nl\\\/pindasaus\\\/wp-content\\\/uploads\\\/Openingsact-002-1024x633.jpg\",\"datePublished\":\"2011-10-17T20:22:51+00:00\",\"dateModified\":\"2025-09-11T05:30:23+00:00\",\"description\":\"Doe het zelf drumband. Formeer in 2 uur een echte drumband met je vrienden, familie of collega's. Succes verzekerd. Compleet met uniformen.\",\"inLanguage\":\"nl-NL\",\"potentialAction\":[{\"@type\":\"ReadAction\",\"target\":[\"https:\\\/\\\/www.nicovanasdonck.nl\\\/index.php\\\/workshops__trashed\\\/dhz-drumband\\\/\"]}]},{\"@type\":\"ImageObject\",\"inLanguage\":\"nl-NL\",\"@id\":\"https:\\\/\\\/www.nicovanasdonck.nl\\\/index.php\\\/workshops__trashed\\\/dhz-drumband\\\/#primaryimage\",\"url\":\"http:\\\/\\\/www.nicovanasdonck.nl\\\/pindasaus\\\/wp-content\\\/uploads\\\/Openingsact-002-1024x633.jpg\",\"contentUrl\":\"http:\\\/\\\/www.nicovanasdonck.nl\\\/pindasaus\\\/wp-content\\\/uploads\\\/Openingsact-002-1024x633.jpg\"},{\"@type\":\"WebSite\",\"@id\":\"https:\\\/\\\/www.nicovanasdonck.nl\\\/#website\",\"url\":\"https:\\\/\\\/www.nicovanasdonck.nl\\\/\",\"name\":\"Nico van Asdonck\",\"description\":\"pinda-saus.nl\",\"publisher\":{\"@id\":\"https:\\\/\\\/www.nicovanasdonck.nl\\\/#\\\/schema\\\/person\\\/9bc48c7e3d982d18c83eed5cfa990889\"},\"potentialAction\":[{\"@type\":\"SearchAction\",\"target\":{\"@type\":\"EntryPoint\",\"urlTemplate\":\"https:\\\/\\\/www.nicovanasdonck.nl\\\/?s={search_term_string}\"},\"query-input\":{\"@type\":\"PropertyValueSpecification\",\"valueRequired\":true,\"valueName\":\"search_term_string\"}}],\"inLanguage\":\"nl-NL\"},{\"@type\":[\"Person\",\"Organization\"],\"@id\":\"https:\\\/\\\/www.nicovanasdonck.nl\\\/#\\\/schema\\\/person\\\/9bc48c7e3d982d18c83eed5cfa990889\",\"name\":\"Nico\",\"image\":{\"@type\":\"ImageObject\",\"inLanguage\":\"nl-NL\",\"@id\":\"https:\\\/\\\/secure.gravatar.com\\\/avatar\\\/1a76f92c496bc745c24f0538fecb2a1f681ad6ca16dd8c4d9ee0fbc1ae03e169?s=96&d=mm&r=g\",\"url\":\"https:\\\/\\\/secure.gravatar.com\\\/avatar\\\/1a76f92c496bc745c24f0538fecb2a1f681ad6ca16dd8c4d9ee0fbc1ae03e169?s=96&d=mm&r=g\",\"contentUrl\":\"https:\\\/\\\/secure.gravatar.com\\\/avatar\\\/1a76f92c496bc745c24f0538fecb2a1f681ad6ca16dd8c4d9ee0fbc1ae03e169?s=96&d=mm&r=g\",\"caption\":\"Nico\"},\"logo\":{\"@id\":\"https:\\\/\\\/secure.gravatar.com\\\/avatar\\\/1a76f92c496bc745c24f0538fecb2a1f681ad6ca16dd8c4d9ee0fbc1ae03e169?s=96&d=mm&r=g\"}}]}<\/script>\n<!-- \/ Yoast SEO plugin. -->","yoast_head_json":{"title":"Doe het zelf drumband, Formeer in 2 uur een drumband met vrienden, familie of collega's. Compleet met uniformen","description":"Doe het zelf drumband. Formeer in 2 uur een echte drumband met je vrienden, familie of collega's. Succes verzekerd. Compleet met uniformen.","robots":{"index":"index","follow":"follow","max-snippet":"max-snippet:-1","max-image-preview":"max-image-preview:large","max-video-preview":"max-video-preview:-1"},"canonical":"https:\/\/www.nicovanasdonck.nl\/index.php\/workshops__trashed\/dhz-drumband\/","og_locale":"nl_NL","og_type":"article","og_title":"Doe het zelf drumband, Formeer in 2 uur een drumband met vrienden, familie of collega's. Compleet met uniformen","og_description":"Doe het zelf drumband. Formeer in 2 uur een echte drumband met je vrienden, familie of collega's. Succes verzekerd. Compleet met uniformen.","og_url":"https:\/\/www.nicovanasdonck.nl\/index.php\/workshops__trashed\/dhz-drumband\/","og_site_name":"Nico van Asdonck","article_modified_time":"2025-09-11T05:30:23+00:00","og_image":[{"width":3888,"height":2404,"url":"https:\/\/www.nicovanasdonck.nl\/pindasaus\/wp-content\/uploads\/Openingsact-002.jpg","type":"image\/jpeg"}],"twitter_misc":{"Geschatte leestijd":"2 minuten"},"schema":{"@context":"https:\/\/schema.org","@graph":[{"@type":"WebPage","@id":"https:\/\/www.nicovanasdonck.nl\/index.php\/workshops__trashed\/dhz-drumband\/","url":"https:\/\/www.nicovanasdonck.nl\/index.php\/workshops__trashed\/dhz-drumband\/","name":"Doe het zelf drumband, Formeer in 2 uur een drumband met vrienden, familie of collega's. Compleet met uniformen","isPartOf":{"@id":"https:\/\/www.nicovanasdonck.nl\/#website"},"primaryImageOfPage":{"@id":"https:\/\/www.nicovanasdonck.nl\/index.php\/workshops__trashed\/dhz-drumband\/#primaryimage"},"image":{"@id":"https:\/\/www.nicovanasdonck.nl\/index.php\/workshops__trashed\/dhz-drumband\/#primaryimage"},"thumbnailUrl":"http:\/\/www.nicovanasdonck.nl\/pindasaus\/wp-content\/uploads\/Openingsact-002-1024x633.jpg","datePublished":"2011-10-17T20:22:51+00:00","dateModified":"2025-09-11T05:30:23+00:00","description":"Doe het zelf drumband. Formeer in 2 uur een echte drumband met je vrienden, familie of collega's. Succes verzekerd. Compleet met uniformen.","inLanguage":"nl-NL","potentialAction":[{"@type":"ReadAction","target":["https:\/\/www.nicovanasdonck.nl\/index.php\/workshops__trashed\/dhz-drumband\/"]}]},{"@type":"ImageObject","inLanguage":"nl-NL","@id":"https:\/\/www.nicovanasdonck.nl\/index.php\/workshops__trashed\/dhz-drumband\/#primaryimage","url":"http:\/\/www.nicovanasdonck.nl\/pindasaus\/wp-content\/uploads\/Openingsact-002-1024x633.jpg","contentUrl":"http:\/\/www.nicovanasdonck.nl\/pindasaus\/wp-content\/uploads\/Openingsact-002-1024x633.jpg"},{"@type":"WebSite","@id":"https:\/\/www.nicovanasdonck.nl\/#website","url":"https:\/\/www.nicovanasdonck.nl\/","name":"Nico van Asdonck","description":"pinda-saus.nl","publisher":{"@id":"https:\/\/www.nicovanasdonck.nl\/#\/schema\/person\/9bc48c7e3d982d18c83eed5cfa990889"},"potentialAction":[{"@type":"SearchAction","target":{"@type":"EntryPoint","urlTemplate":"https:\/\/www.nicovanasdonck.nl\/?s={search_term_string}"},"query-input":{"@type":"PropertyValueSpecification","valueRequired":true,"valueName":"search_term_string"}}],"inLanguage":"nl-NL"},{"@type":["Person","Organization"],"@id":"https:\/\/www.nicovanasdonck.nl\/#\/schema\/person\/9bc48c7e3d982d18c83eed5cfa990889","name":"Nico","image":{"@type":"ImageObject","inLanguage":"nl-NL","@id":"https:\/\/secure.gravatar.com\/avatar\/1a76f92c496bc745c24f0538fecb2a1f681ad6ca16dd8c4d9ee0fbc1ae03e169?s=96&d=mm&r=g","url":"https:\/\/secure.gravatar.com\/avatar\/1a76f92c496bc745c24f0538fecb2a1f681ad6ca16dd8c4d9ee0fbc1ae03e169?s=96&d=mm&r=g","contentUrl":"https:\/\/secure.gravatar.com\/avatar\/1a76f92c496bc745c24f0538fecb2a1f681ad6ca16dd8c4d9ee0fbc1ae03e169?s=96&d=mm&r=g","caption":"Nico"},"logo":{"@id":"https:\/\/secure.gravatar.com\/avatar\/1a76f92c496bc745c24f0538fecb2a1f681ad6ca16dd8c4d9ee0fbc1ae03e169?s=96&d=mm&r=g"}}]}},"_links":{"self":[{"href":"https:\/\/www.nicovanasdonck.nl\/index.php\/wp-json\/wp\/v2\/pages\/72","targetHints":{"allow":["GET"]}}],"collection":[{"href":"https:\/\/www.nicovanasdonck.nl\/index.php\/wp-json\/wp\/v2\/pages"}],"about":[{"href":"https:\/\/www.nicovanasdonck.nl\/index.php\/wp-json\/wp\/v2\/types\/page"}],"author":[{"embeddable":true,"href":"https:\/\/www.nicovanasdonck.nl\/index.php\/wp-json\/wp\/v2\/users\/1"}],"replies":[{"embeddable":true,"href":"https:\/\/www.nicovanasdonck.nl\/index.php\/wp-json\/wp\/v2\/comments?post=72"}],"version-history":[{"count":4,"href":"https:\/\/www.nicovanasdonck.nl\/index.php\/wp-json\/wp\/v2\/pages\/72\/revisions"}],"predecessor-version":[{"id":6063,"href":"https:\/\/www.nicovanasdonck.nl\/index.php\/wp-json\/wp\/v2\/pages\/72\/revisions\/6063"}],"wp:attachment":[{"href":"https:\/\/www.nicovanasdonck.nl\/index.php\/wp-json\/wp\/v2\/media?parent=72"}],"curies":[{"name":"wp","href":"https:\/\/api.w.org\/{rel}","templated":true}]}}