{"id":58,"date":"2011-10-17T21:57:44","date_gmt":"2011-10-17T19:57:44","guid":{"rendered":"http:\/\/www.nicovanasdonck.nl\/2011\/?page_id=58"},"modified":"2025-09-11T07:31:08","modified_gmt":"2025-09-11T05:31:08","slug":"indisch-koken","status":"publish","type":"page","link":"https:\/\/www.nicovanasdonck.nl\/index.php\/voorbeeld-pagina\/indisch-koken\/","title":{"rendered":"Koor d&#8217;r niet bij &#8211; voor personen die thuis niet mogen zingen"},"content":{"rendered":"<h6><img loading=\"lazy\" decoding=\"async\" class=\"aligncenter size-full wp-image-4667\" src=\"https:\/\/www.nicovanasdonck.nl\/pindasaus\/wp-content\/uploads\/Tafelmuziek-10001-1.jpg\" alt=\"\" width=\"768\" height=\"966\" srcset=\"https:\/\/www.nicovanasdonck.nl\/pindasaus\/wp-content\/uploads\/Tafelmuziek-10001-1.jpg 768w, https:\/\/www.nicovanasdonck.nl\/pindasaus\/wp-content\/uploads\/Tafelmuziek-10001-1-239x300.jpg 239w\" sizes=\"auto, (max-width: 767px) 89vw, (max-width: 1000px) 54vw, (max-width: 1071px) 543px, 580px\" \/><\/h6>\n<p><em>\u00a0<span style=\"color: #000000;\"><span style=\"font-size: 30px;\"><b>\u00a0<\/b><\/span><\/span><\/em><\/p>\n<p>Deze workshop is bedoeld voor een ieder waarvan verondersteld wordt dat hij\/zij niet kan zingen.\u00a0 Aan de keukentafel met een kop koffie\/thee zingen we de mooiste liederen. Van de Selvera&#8217;s tot Ed Sheeran. Ik begeleid op gitaar en soms doen er meerdere muzikanten mee.<\/p>\n\n\n<p class=\"has-text-align-center\"><strong>Missie : muziek voor iedereen<\/strong><\/p>\n\n\n\n<p>Ik werk op non-profit basis. Mijn doel is om muziekworkshops te geven aan instellingen, verenigingen en scholen waar geen budget is voor een muzieksessie. Aan commerci\u00eble partijen vraag ik als tegenprestatie een bedrag over te maken naar \u00e9\u00e9n van mijn goede doelen, die vermeld staan op mijn home pagina.<\/p>\n","protected":false},"excerpt":{"rendered":"<p>\u00a0\u00a0 Deze workshop is bedoeld voor een ieder waarvan verondersteld wordt dat hij\/zij niet kan zingen.\u00a0 Aan de keukentafel met een kop koffie\/thee zingen we de mooiste liederen. Van de Selvera&#8217;s tot Ed Sheeran. Ik begeleid op gitaar en soms doen er meerdere muzikanten mee. Missie : muziek voor iedereen Ik werk op non-profit basis. &hellip; <\/p>\n<p class=\"link-more\"><a href=\"https:\/\/www.nicovanasdonck.nl\/index.php\/voorbeeld-pagina\/indisch-koken\/\" class=\"more-link\">Lees verder <span class=\"screen-reader-text\">&#8220;Koor d&#8217;r niet bij &#8211; voor personen die thuis niet mogen zingen&#8221;<\/span><\/a><\/p>\n","protected":false},"author":1,"featured_media":0,"parent":2,"menu_order":0,"comment_status":"closed","ping_status":"closed","template":"","meta":{"footnotes":""},"class_list":["post-58","page","type-page","status-publish","hentry"],"yoast_head":"<!-- This site is optimized with the Yoast SEO plugin v27.4 - https:\/\/yoast.com\/product\/yoast-seo-wordpress\/ -->\n<title>Indische kookworkshop Nico van Asdonck met dans en zang. Recept pinda-saus<\/title>\n<meta name=\"description\" content=\"Nico leert in 2 uur tijd minimaal 6 Indische gerechten klaarmaken. Nasi koening, babi ketjap, seroendeng, gado-gado met pindasaus, sate kambing, kelepon. Recept pinda-saus\" \/>\n<meta name=\"robots\" content=\"index, follow, max-snippet:-1, max-image-preview:large, max-video-preview:-1\" \/>\n<link rel=\"canonical\" href=\"https:\/\/www.nicovanasdonck.nl\/index.php\/voorbeeld-pagina\/een-indisch-cover-verhaal__trashed\/indisch-koken\/\" \/>\n<meta property=\"og:locale\" content=\"nl_NL\" \/>\n<meta property=\"og:type\" content=\"article\" \/>\n<meta property=\"og:title\" content=\"Indische kookworkshop Nico van Asdonck met dans en zang. Recept pinda-saus\" \/>\n<meta property=\"og:description\" content=\"Nico leert in 2 uur tijd minimaal 6 Indische gerechten klaarmaken. Nasi koening, babi ketjap, seroendeng, gado-gado met pindasaus, sate kambing, kelepon. Recept pinda-saus\" \/>\n<meta property=\"og:url\" content=\"https:\/\/www.nicovanasdonck.nl\/index.php\/voorbeeld-pagina\/een-indisch-cover-verhaal__trashed\/indisch-koken\/\" \/>\n<meta property=\"og:site_name\" content=\"Nico van Asdonck\" \/>\n<meta property=\"article:modified_time\" content=\"2025-09-11T05:31:08+00:00\" \/>\n<meta property=\"og:image\" content=\"https:\/\/www.nicovanasdonck.nl\/pindasaus\/wp-content\/uploads\/Tafelmuziek-10001-1.jpg\" \/>\n\t<meta property=\"og:image:width\" content=\"768\" \/>\n\t<meta property=\"og:image:height\" content=\"966\" \/>\n\t<meta property=\"og:image:type\" content=\"image\/jpeg\" \/>\n<meta name=\"twitter:label1\" content=\"Geschatte leestijd\" \/>\n\t<meta name=\"twitter:data1\" content=\"1 minuut\" \/>\n<script type=\"application\/ld+json\" class=\"yoast-schema-graph\">{\"@context\":\"https:\\\/\\\/schema.org\",\"@graph\":[{\"@type\":\"WebPage\",\"@id\":\"https:\\\/\\\/www.nicovanasdonck.nl\\\/index.php\\\/voorbeeld-pagina\\\/een-indisch-cover-verhaal__trashed\\\/indisch-koken\\\/\",\"url\":\"https:\\\/\\\/www.nicovanasdonck.nl\\\/index.php\\\/voorbeeld-pagina\\\/een-indisch-cover-verhaal__trashed\\\/indisch-koken\\\/\",\"name\":\"Indische kookworkshop Nico van Asdonck met dans en zang. Recept pinda-saus\",\"isPartOf\":{\"@id\":\"https:\\\/\\\/www.nicovanasdonck.nl\\\/#website\"},\"primaryImageOfPage\":{\"@id\":\"https:\\\/\\\/www.nicovanasdonck.nl\\\/index.php\\\/voorbeeld-pagina\\\/een-indisch-cover-verhaal__trashed\\\/indisch-koken\\\/#primaryimage\"},\"image\":{\"@id\":\"https:\\\/\\\/www.nicovanasdonck.nl\\\/index.php\\\/voorbeeld-pagina\\\/een-indisch-cover-verhaal__trashed\\\/indisch-koken\\\/#primaryimage\"},\"thumbnailUrl\":\"https:\\\/\\\/www.nicovanasdonck.nl\\\/pindasaus\\\/wp-content\\\/uploads\\\/Tafelmuziek-10001-1.jpg\",\"datePublished\":\"2011-10-17T19:57:44+00:00\",\"dateModified\":\"2025-09-11T05:31:08+00:00\",\"description\":\"Nico leert in 2 uur tijd minimaal 6 Indische gerechten klaarmaken. Nasi koening, babi ketjap, seroendeng, gado-gado met pindasaus, sate kambing, kelepon. Recept pinda-saus\",\"breadcrumb\":{\"@id\":\"https:\\\/\\\/www.nicovanasdonck.nl\\\/index.php\\\/voorbeeld-pagina\\\/een-indisch-cover-verhaal__trashed\\\/indisch-koken\\\/#breadcrumb\"},\"inLanguage\":\"nl-NL\",\"potentialAction\":[{\"@type\":\"ReadAction\",\"target\":[\"https:\\\/\\\/www.nicovanasdonck.nl\\\/index.php\\\/voorbeeld-pagina\\\/een-indisch-cover-verhaal__trashed\\\/indisch-koken\\\/\"]}]},{\"@type\":\"ImageObject\",\"inLanguage\":\"nl-NL\",\"@id\":\"https:\\\/\\\/www.nicovanasdonck.nl\\\/index.php\\\/voorbeeld-pagina\\\/een-indisch-cover-verhaal__trashed\\\/indisch-koken\\\/#primaryimage\",\"url\":\"https:\\\/\\\/www.nicovanasdonck.nl\\\/pindasaus\\\/wp-content\\\/uploads\\\/Tafelmuziek-10001-1.jpg\",\"contentUrl\":\"https:\\\/\\\/www.nicovanasdonck.nl\\\/pindasaus\\\/wp-content\\\/uploads\\\/Tafelmuziek-10001-1.jpg\",\"width\":768,\"height\":966},{\"@type\":\"BreadcrumbList\",\"@id\":\"https:\\\/\\\/www.nicovanasdonck.nl\\\/index.php\\\/voorbeeld-pagina\\\/een-indisch-cover-verhaal__trashed\\\/indisch-koken\\\/#breadcrumb\",\"itemListElement\":[{\"@type\":\"ListItem\",\"position\":1,\"name\":\"Start\",\"item\":\"https:\\\/\\\/www.nicovanasdonck.nl\\\/\"},{\"@type\":\"ListItem\",\"position\":2,\"name\":\"Koor d&#8217;r niet bij &#8211; voor personen die thuis niet mogen zingen\"}]},{\"@type\":\"WebSite\",\"@id\":\"https:\\\/\\\/www.nicovanasdonck.nl\\\/#website\",\"url\":\"https:\\\/\\\/www.nicovanasdonck.nl\\\/\",\"name\":\"Nico van Asdonck\",\"description\":\"pinda-saus.nl\",\"publisher\":{\"@id\":\"https:\\\/\\\/www.nicovanasdonck.nl\\\/#\\\/schema\\\/person\\\/9bc48c7e3d982d18c83eed5cfa990889\"},\"potentialAction\":[{\"@type\":\"SearchAction\",\"target\":{\"@type\":\"EntryPoint\",\"urlTemplate\":\"https:\\\/\\\/www.nicovanasdonck.nl\\\/?s={search_term_string}\"},\"query-input\":{\"@type\":\"PropertyValueSpecification\",\"valueRequired\":true,\"valueName\":\"search_term_string\"}}],\"inLanguage\":\"nl-NL\"},{\"@type\":[\"Person\",\"Organization\"],\"@id\":\"https:\\\/\\\/www.nicovanasdonck.nl\\\/#\\\/schema\\\/person\\\/9bc48c7e3d982d18c83eed5cfa990889\",\"name\":\"Nico\",\"image\":{\"@type\":\"ImageObject\",\"inLanguage\":\"nl-NL\",\"@id\":\"https:\\\/\\\/secure.gravatar.com\\\/avatar\\\/1a76f92c496bc745c24f0538fecb2a1f681ad6ca16dd8c4d9ee0fbc1ae03e169?s=96&d=mm&r=g\",\"url\":\"https:\\\/\\\/secure.gravatar.com\\\/avatar\\\/1a76f92c496bc745c24f0538fecb2a1f681ad6ca16dd8c4d9ee0fbc1ae03e169?s=96&d=mm&r=g\",\"contentUrl\":\"https:\\\/\\\/secure.gravatar.com\\\/avatar\\\/1a76f92c496bc745c24f0538fecb2a1f681ad6ca16dd8c4d9ee0fbc1ae03e169?s=96&d=mm&r=g\",\"caption\":\"Nico\"},\"logo\":{\"@id\":\"https:\\\/\\\/secure.gravatar.com\\\/avatar\\\/1a76f92c496bc745c24f0538fecb2a1f681ad6ca16dd8c4d9ee0fbc1ae03e169?s=96&d=mm&r=g\"}}]}<\/script>\n<!-- \/ Yoast SEO plugin. -->","yoast_head_json":{"title":"Indische kookworkshop Nico van Asdonck met dans en zang. Recept pinda-saus","description":"Nico leert in 2 uur tijd minimaal 6 Indische gerechten klaarmaken. Nasi koening, babi ketjap, seroendeng, gado-gado met pindasaus, sate kambing, kelepon. Recept pinda-saus","robots":{"index":"index","follow":"follow","max-snippet":"max-snippet:-1","max-image-preview":"max-image-preview:large","max-video-preview":"max-video-preview:-1"},"canonical":"https:\/\/www.nicovanasdonck.nl\/index.php\/voorbeeld-pagina\/een-indisch-cover-verhaal__trashed\/indisch-koken\/","og_locale":"nl_NL","og_type":"article","og_title":"Indische kookworkshop Nico van Asdonck met dans en zang. Recept pinda-saus","og_description":"Nico leert in 2 uur tijd minimaal 6 Indische gerechten klaarmaken. Nasi koening, babi ketjap, seroendeng, gado-gado met pindasaus, sate kambing, kelepon. Recept pinda-saus","og_url":"https:\/\/www.nicovanasdonck.nl\/index.php\/voorbeeld-pagina\/een-indisch-cover-verhaal__trashed\/indisch-koken\/","og_site_name":"Nico van Asdonck","article_modified_time":"2025-09-11T05:31:08+00:00","og_image":[{"width":768,"height":966,"url":"https:\/\/www.nicovanasdonck.nl\/pindasaus\/wp-content\/uploads\/Tafelmuziek-10001-1.jpg","type":"image\/jpeg"}],"twitter_misc":{"Geschatte leestijd":"1 minuut"},"schema":{"@context":"https:\/\/schema.org","@graph":[{"@type":"WebPage","@id":"https:\/\/www.nicovanasdonck.nl\/index.php\/voorbeeld-pagina\/een-indisch-cover-verhaal__trashed\/indisch-koken\/","url":"https:\/\/www.nicovanasdonck.nl\/index.php\/voorbeeld-pagina\/een-indisch-cover-verhaal__trashed\/indisch-koken\/","name":"Indische kookworkshop Nico van Asdonck met dans en zang. Recept pinda-saus","isPartOf":{"@id":"https:\/\/www.nicovanasdonck.nl\/#website"},"primaryImageOfPage":{"@id":"https:\/\/www.nicovanasdonck.nl\/index.php\/voorbeeld-pagina\/een-indisch-cover-verhaal__trashed\/indisch-koken\/#primaryimage"},"image":{"@id":"https:\/\/www.nicovanasdonck.nl\/index.php\/voorbeeld-pagina\/een-indisch-cover-verhaal__trashed\/indisch-koken\/#primaryimage"},"thumbnailUrl":"https:\/\/www.nicovanasdonck.nl\/pindasaus\/wp-content\/uploads\/Tafelmuziek-10001-1.jpg","datePublished":"2011-10-17T19:57:44+00:00","dateModified":"2025-09-11T05:31:08+00:00","description":"Nico leert in 2 uur tijd minimaal 6 Indische gerechten klaarmaken. Nasi koening, babi ketjap, seroendeng, gado-gado met pindasaus, sate kambing, kelepon. Recept pinda-saus","breadcrumb":{"@id":"https:\/\/www.nicovanasdonck.nl\/index.php\/voorbeeld-pagina\/een-indisch-cover-verhaal__trashed\/indisch-koken\/#breadcrumb"},"inLanguage":"nl-NL","potentialAction":[{"@type":"ReadAction","target":["https:\/\/www.nicovanasdonck.nl\/index.php\/voorbeeld-pagina\/een-indisch-cover-verhaal__trashed\/indisch-koken\/"]}]},{"@type":"ImageObject","inLanguage":"nl-NL","@id":"https:\/\/www.nicovanasdonck.nl\/index.php\/voorbeeld-pagina\/een-indisch-cover-verhaal__trashed\/indisch-koken\/#primaryimage","url":"https:\/\/www.nicovanasdonck.nl\/pindasaus\/wp-content\/uploads\/Tafelmuziek-10001-1.jpg","contentUrl":"https:\/\/www.nicovanasdonck.nl\/pindasaus\/wp-content\/uploads\/Tafelmuziek-10001-1.jpg","width":768,"height":966},{"@type":"BreadcrumbList","@id":"https:\/\/www.nicovanasdonck.nl\/index.php\/voorbeeld-pagina\/een-indisch-cover-verhaal__trashed\/indisch-koken\/#breadcrumb","itemListElement":[{"@type":"ListItem","position":1,"name":"Start","item":"https:\/\/www.nicovanasdonck.nl\/"},{"@type":"ListItem","position":2,"name":"Koor d&#8217;r niet bij &#8211; voor personen die thuis niet mogen zingen"}]},{"@type":"WebSite","@id":"https:\/\/www.nicovanasdonck.nl\/#website","url":"https:\/\/www.nicovanasdonck.nl\/","name":"Nico van Asdonck","description":"pinda-saus.nl","publisher":{"@id":"https:\/\/www.nicovanasdonck.nl\/#\/schema\/person\/9bc48c7e3d982d18c83eed5cfa990889"},"potentialAction":[{"@type":"SearchAction","target":{"@type":"EntryPoint","urlTemplate":"https:\/\/www.nicovanasdonck.nl\/?s={search_term_string}"},"query-input":{"@type":"PropertyValueSpecification","valueRequired":true,"valueName":"search_term_string"}}],"inLanguage":"nl-NL"},{"@type":["Person","Organization"],"@id":"https:\/\/www.nicovanasdonck.nl\/#\/schema\/person\/9bc48c7e3d982d18c83eed5cfa990889","name":"Nico","image":{"@type":"ImageObject","inLanguage":"nl-NL","@id":"https:\/\/secure.gravatar.com\/avatar\/1a76f92c496bc745c24f0538fecb2a1f681ad6ca16dd8c4d9ee0fbc1ae03e169?s=96&d=mm&r=g","url":"https:\/\/secure.gravatar.com\/avatar\/1a76f92c496bc745c24f0538fecb2a1f681ad6ca16dd8c4d9ee0fbc1ae03e169?s=96&d=mm&r=g","contentUrl":"https:\/\/secure.gravatar.com\/avatar\/1a76f92c496bc745c24f0538fecb2a1f681ad6ca16dd8c4d9ee0fbc1ae03e169?s=96&d=mm&r=g","caption":"Nico"},"logo":{"@id":"https:\/\/secure.gravatar.com\/avatar\/1a76f92c496bc745c24f0538fecb2a1f681ad6ca16dd8c4d9ee0fbc1ae03e169?s=96&d=mm&r=g"}}]}},"_links":{"self":[{"href":"https:\/\/www.nicovanasdonck.nl\/index.php\/wp-json\/wp\/v2\/pages\/58","targetHints":{"allow":["GET"]}}],"collection":[{"href":"https:\/\/www.nicovanasdonck.nl\/index.php\/wp-json\/wp\/v2\/pages"}],"about":[{"href":"https:\/\/www.nicovanasdonck.nl\/index.php\/wp-json\/wp\/v2\/types\/page"}],"author":[{"embeddable":true,"href":"https:\/\/www.nicovanasdonck.nl\/index.php\/wp-json\/wp\/v2\/users\/1"}],"replies":[{"embeddable":true,"href":"https:\/\/www.nicovanasdonck.nl\/index.php\/wp-json\/wp\/v2\/comments?post=58"}],"version-history":[{"count":19,"href":"https:\/\/www.nicovanasdonck.nl\/index.php\/wp-json\/wp\/v2\/pages\/58\/revisions"}],"predecessor-version":[{"id":6064,"href":"https:\/\/www.nicovanasdonck.nl\/index.php\/wp-json\/wp\/v2\/pages\/58\/revisions\/6064"}],"up":[{"embeddable":true,"href":"https:\/\/www.nicovanasdonck.nl\/index.php\/wp-json\/wp\/v2\/pages\/2"}],"wp:attachment":[{"href":"https:\/\/www.nicovanasdonck.nl\/index.php\/wp-json\/wp\/v2\/media?parent=58"}],"curies":[{"name":"wp","href":"https:\/\/api.w.org\/{rel}","templated":true}]}}